+ 20*m**2 - 18*m + 50. Calculate r(-21).
-13
Let m(v) = v**2 + 6*v + 14. Give m(-4).
6
Let m(j) = -j + 14. What is m(-11)?
25
Let b(m) = 2*m**2 - 13*m - 7. Calculate b(5).
-22
Let z(o) = 4*o**2 + 4*o + 8. Determine z(-3).
32
Let m(q) = -7*q - 79. Determine m(-12).
5
Let l(w) = w - 5. Determine l(-5).
-10
Let i(v) = -v**3 + 3*v**2 - 20*v + 65. Give i(3).
5
Let o(r) = -r**2 + 6*r + 2. What is o(4)?
10
Let z(n) = 2*n + 30. Calculate z(-8).
14
Let l(t) = t**3 + 14*t**2 + 5*t + 10. Calculate l(-14).
-60
Let d(b) = -24*b + 68. Determine d(5).
-52
Let i(z) = -z**3 + 16*z**2 + 18*z - 13. What is i(17)?
4
Let p(d) = -4*d + 11. Calculate p(9).
-25
Let r(y) = 11*y - 19. Calculate r(5).
36
Let o(y) = -2*y**2 + 10*y - 8. What is o(6)?
-20
Let m(r) = -r**3 - 45*r**2 - 45*r - 54. Give m(-44).
-10
Let y(w) = 19*w**2 + 42*w + 2. Calculate y(-2).
-6
Let j(a) = 6*a - 64. Determine j(9).
-10
Let i(n) = 2*n**2 + 2*n - 2. What is i(2)?
10
Let i(x) = x**3 + 3*x**2 - 9*x - 7. Determine i(3).
20
Let n(l) = -l**3 + 4*l**2 - 2*l + 7. Determine n(3).
10
Let v(g) = -g**3 - 18*g**2 - 20*g + 19. Calculate v(-17).
70
Let a(x) = x**3 - x**2 - x + 7. Determine a(0).
7
Let m(z) = 3*z + 54. What is m(-15)?
9
Let i(n) = -10*n**3 - 2*n**2 - n. Give i(-2).
74
Let j(s) = s**3 - 9*s**2 + 3*s - 20. Determine j(9).
7
Let f(a) = -a - 10. What is f(-5)?
-5
Let q(t) = 2*t. Give q(-1).
-2
Let n(m) = -2*m - 12. What is n(-13)?
14
Let f(d) = 6*d**2 - 73*d + 4. What is f(12)?
-8
Let l(w) = w**3 + 6*w**2 - 4*w - 41. Give l(-5).
4
Let g(f) = f + 11. Give g(-11).
0
Let b(y) = -8*y**2 - 3*y. Give b(-3).
-63
Let s(r) = -17*r - 69. Give s(-7).
50
Let d(i) = 3*i - 41. Give d(16).
7
Let z(u) = -u + 6. Determine z(9).
-3
Let w(r) = -r**2 - 2. Calculate w(3).
-11
Let b(m) = 7*m + 212. Determine b(-29).
9
Let l(f) = -4*f**2 + 13*f. What is l(3)?
3
Let c(y) = y**2 + 9*y + 15. Give c(-5).
-5
Let i(l) = 2*l**2 + 7*l - 78. Give i(-8).
-6
Let g(j) = -18*j**2 - 3*j - 8. What is g(-3)?
-161
Let k(h) = -h**3 + 12*h**2 - 10*h - 4. What is k(11)?
7
Let p(x) = 7*x - 10. What is p(15)?
95
Let k(m) = m**3 - 3*m**2 + 2*m - 12. Determine k(6).
108
Let s(a) = 5*a**2 - 2. Determine s(2).
18
Let d(w) = w**2 - 7*w + 4. Calculate d(0).
4
Let p(y) = -14*y - 28. Give p(-8).
84
Let t(m) = 6*m**2 - 3*m - 1. What is t(-1)?
8
Let g(d) = -d - 17. Give g(-11).
-6
Let w(x) = x**2 - 8*x - 56. What is w(13)?
9
Let j(o) = 12*o + 11. Calculate j(6).
83
Let u(v) = -4*v + 85. Give u(16).
21
Let k(r) = r**2 + 5*r - 8. What is k(-6)?
-2
Let u(y) = y - 6. What is u(10)?
4
Let q(o) = -11*o - 29. Calculate q(-7).
48
Let y(l) = -12*l - 22. Determine y(-2).
2
Let v(l) = -l**3 + 10*l**2 - 19*l + 11. What is v(8)?
-13
Let y(v) = 4*v**2 + 29*v + 3. Give y(-6).
-27
Let g(z) = -2*z**2 - 26*z + 4. Give g(-13).
4
Let n(l) = -l - 12. Calculate n(-5).
-7
Let v(w) = 4*w - 4. What is v(-4)?
-20
Let o(q) = -19*q**3 - 2*q + 3. Determine o(1).
-18
Let r(a) = 2*a**2 + 10*a + 9. Give r(-4).
1
Let n(j) = 40*j - 12. Determine n(-2).
-92
Let r(y) = -3*y - 64. Determine r(-11).
-31
Let n(p) = p**3 - p**2 + 1. Give n(-2).
-11
Let d(r) = -r**2 - 10*r - 7. Calculate d(-7).
14
Let a(g) = g**2 - 6*g - 2. Give a(7).
5
Let u(q) = -q**2 - 5*q - 7. What is u(-5)?
-7
Let h(z) = 3*z**2 + 41*z + 116. What is h(-8)?
-20
Let v(m) = -11*m - 66. Determine v(-12).
66
Let s(j) = 2*j**2 - 3*j + 1. Give s(3).
10
Let c(t) = t**2 + t + 3. Give c(0).
3
Let u(n) = n**3 + 7*n**2 + 4*n + 9. Give u(-7).
-19
Let l(z) = z**3 + 5*z**2 - 11*z - 4. What is l(-7)?
-25
Let z(t) = 22*t**3 + t**2 + 3*t + 8. Give z(-2).
-170
Let r(k) = -3*k**2 + 5*k - 6. What is r(1)?
-4
Let m(j) = -j**2 - 16*j + 11. Give m(-16).
11
Let n(q) = -14*q - 1. Give n(3).
-43
Let d(n) = n**2 - 4*n + 9. Determine d(3).
6
Let b(j) = -6*j - 2. What is b(-2)?
10
Let u(h) = -41*h**2 - 2*h - 1. Calculate u(-1).
-40
Let a(s) = -5*s + 25. Calculate a(4).
5
Let d(g) = 23*g + 4. Calculate d(-1).
-19
Let u(n) = -4*n + 14. What is u(5)?
-6
Let l(s) = 2*s**2 + 4*s + 2. Give l(-3).
8
Let b(o) = -32*o. Give b(1).
-32
Let w(v) = -v - 8. Determine w(-13).
5
Let t(u) = 3*u + 167. Give t(-51).
14
Let b(y) = y**3 + 5*y**2 + 5*y + 74. Give b(-6).
8
Let f(h) = -6*h + 322. Give f(57).
-20
Let u(x) = 2*x**2 + 86*x - 176. Give u(-45).
4
Let b(d) = 4*d + 4. Calculate b(0).
4
Let t(y) = y**2 + 18*y - 116. Calculate t(-23).
-1
Let o(l) = 5*l**2 + 3*l - 7. Give o(4).
85
Let v(t) = t**3 + 15*t**2 + 16*t. Determine v(-14).
-28
Let r(k) = k**2 + 6*k + 19. Calculate r(-7).
26
Let s(j) = -j**2 - 4*j. What is s(2)?
-12
Let m(x) = x**3 - 3*x**2 - x - 10. Calculate m(5).
35
Let i(r) = -r + 29. Calculate i(20).
9
Let v(g) = -11*g**2 + 13*g - 24. Give v(2).
-42
Let u(w) = w**3 - 11*w**2 + 8*w - 14. Determine u(10).
-34
Let y(x) = -6*x**2 - x - 3. What is y(-3)?
-54
Let u(q) = -23*q + 168. Determine u(7).
7
Let y(t) = 16*t**2 + t - 1. Give y(2).
65
Let i(m) = -39*m**2 + 2*m + 1. What is i(2)?
-151
Let t(j) = -j**3 + 11*j**2 + 80*j. Calculate t(16).
0
Let o(j) = 32*j - 3. Calculate o(-1).
-35
Let w(a) = -6*a**3 + 4*a**2 + 6*a + 3. What is w(-1)?
7
Let g(i) = -6*i + 5. Give g(-1).
11
Let z(t) = t**3 - 6*t**2 + 4*t - 15. What is z(6)?
9
Let b(t) = 4*t + 23. What is b(-6)?
-1
Let w(y) = -14*y + 105. Determine w(8).
-7
Let x(h) = -h**2 + 9. Determine x(0).
9
Let u(h) = 27*h + 132. Determine u(-5).
-3
Let b(a) = 3*a - 16. Give b(11).
17
Let s(p) = p**2 + 26*p + 106. Determine s(-21).
1
Let v(l) = l**2 - 11*l + 10. What is v(7)?
-18
Let n(j) = j**3 + 6*j**2 + 7*j + 7. Calculate n(-5).
-3
Let u(j) = -2*j + 1. Calculate u(-6).
13
Let j(q) = -q**3 + 9*q**2 - 4*q - 55. Give j(9).
-91
Let x(q) = -q**3 - 13*q**2 + 13*q - 11. Determine x(-14).
3
Let g(c) = -c**3 - 4*c**2 + 3*c - 4. Calculate g(-5).
6
Let w(t) = -t**2 - 7*t + 3. Calculate w(-6).
9
Let f(j) = -j**3 - 2*j**2 + 4*j + 5. Determine f(-2).
-3
Let n(r) = r**2 - 6*r - 30. Give n(-4).
10
Let v(d) = 27*d - 359. Calculate v(13).
-8
Let o(a) = -9*a + 8. What is o(11)?
-91
Let t(i) = i**2 - 10*i - 11. What is t(10)?
-11
Let m(l) = -l**3 + 9*l**2 - 13*l - 17. Give m(7).
-10
Let h(l) = -5*l**3 - l**2 + 8*l - 3. Determine h(-3).
99
Let z(o) = o**2 - 8*o + 41. Determine z(7).
34
Let b(y) = -5*y + 2. Calculate b(-6).
32
Let g(t) = -34*t + 140. Determine g(5).
-30
Let z(p) = 2*p - 4. What is z(7)?
10
Let w(p) = -p**2 + 3*p + 42. What is w(7)?
14
Let b(l) = -l**3 - 6*l**2 - 7*l - 5. Give b(-5).
5
Let n(v) = 5*v - 42. Determine n(9).
3
Let y(o) = 2*o**3 + 9*o**2 + 2*o + 35. Give y(-5).
0
Let n(g) = -g**2 + 10*g - 5. Give n(11).
-16
Let l(y) = -y + 12. What is l(17)?
-5
Let p(r) = -44*r + 9. Determine p(0).
9
Let l(z) = 46*z**3 - 2*z**2 + z. Calculate l(1).
45
Let m(s) = -3*s**2 + 6*s - 1. Give m(5).
-46
Let s(k) = 2*k**2 + 3*k + 3. Give s(4).
47
Let n(a) = a**2 - 9*a - 23. Calculate n(11).
-1
Let t(k) = -k**2 - 34*k - 217. Give t(-26).
-9
Let o(p) = p**2 - 2*p - 17. Give o(9).
46
Let w(i) = i**3 - 10*i**2 - 13*i + 27. Give w(11).
5
Let r(y) = -y**2 + 16*y - 31. Calculate r(14).
-3
Let g(m) = -m**2 - 7*m + 7. What is g(-7)?
7
Let t(l) = l**2 + 3*l - 192. Determine t(13).
16
Let n(d) = -4*d - 10. Calculate n(-4).
6
Let h(t) = t**3 - t**2 - 11*t. Determine h(5).
45
Let t(z) = -8*z**2 - 2*z + 16. Calculate t(3).
-62
Let q(y) = -y**3 + 5*y**2 - 3*y - 5. Give q(4).
-1
Let n(v) = 21*v - 213. What is n(10)?
-3
Let q(v) = -v**2 - 2*v + 260. What is q(-17)?
5
Let s(t) = -t**3 - 8*t**2 - 9*t - 4. Give s(-5).
-34
Let s(x) = -x**2 + 10*x - 15. Determine s(12).
-39
Let u(d) = -d**3 + 6*d**2 + 56*d - 6. Calculate u(-5).
-11
Let p(v) = -v**3 - 16*v**2 + 105*v - 4. Give p(-21).
-4
Let l(i) = -4*i - 20. Determine l(-5).
0
Let g(w) = -w**2 - 5*w - 5. Determine g(-4).
-1
Let z(h) = -2*h**3 - 12*h**2 - 5*h + 20. Determine z(-5).
-5
Let l(x) = 12*x**3 + 3*x**2 - x. Determine l(1).
14
Let m(k) = k**2 - 3. Calculate m(4).
13
Let h(z) = -24*z. What is h(-5)?
120
Let t(f) = -2*f + 13. Determine t(4).
5
Let l(g) = 3*g**3 + 17*g**2 + 9*g - 2. Give l(-5).
3
Let z(a) = -a**3 + 49*a**2 + 7*a - 335. Give z(49).
8
Let x(n) = -n**3 + 18*n**2 - 35*n + 40. What is x(16)?
-8
Let u(t) = -t**3 + 11*t**2 + 13*t - 139. What is u(11)?
4
Let l(d) = 11*d**2 - 8*d + 5. Give l(3).
80
Let k(r) = -r**3 + 23*r**2 + 50*r + 8. Calculate k(25).
8
Let o(q) = -q**2 + 11*q - 26. W